s of 961?
31
List the prime factors of 5886.
2, 3, 109
List the prime factors of 1999.
1999
What are the prime factors of 6075?
3, 5
What are the prime factors of 5658?
2, 3, 23, 41
What are the prime factors of 1197?
3, 7, 19
List the prime factors of 45898.
2, 53, 433
List the prime factors of 39751.
127, 313
List the prime factors of 5596.
2, 1399
List the prime factors of 3636.
2, 3, 101
What are the prime factors of 4137?
3, 7, 197
List the prime factors of 4469.
41, 109
List the prime factors of 3115.
5, 7, 89
What are the prime factors of 780?
2, 3, 5, 13
List the prime factors of 387.
3, 43
List the prime factors of 25952.
2, 811
List the prime factors of 934.
2, 467
What are the prime factors of 822?
2, 3, 137
What are the prime factors of 97671?
3, 7, 4651
List the prime factors of 84.
2, 3, 7
What are the prime factors of 4791?
3, 1597
What are the prime factors of 1526?
2, 7, 109
List the prime factors of 905.
5, 181
What are the prime factors of 724?
2, 181
What are the prime factors of 886?
2, 443
What are the prime factors of 2554?
2, 1277
List the prime factors of 512.
2
List the prime factors of 777.
3, 7, 37
What are the prime factors of 7236?
2, 3, 67
List the prime factors of 4299.
3, 1433
What are the prime factors of 92161?
23, 4007
What are the prime factors of 13441?
13441
What are the prime factors of 8945?
5, 1789
What are the prime factors of 66725?
5, 17, 157
What are the prime factors of 18303?
3, 6101
What are the prime factors of 94057?
94057
List the prime factors of 9805.
5, 37, 53
List the prime factors of 84158.
2, 29, 1451
What are the prime factors of 1228?
2, 307
What are the prime factors of 46782?
2, 3, 23, 113
What are the prime factors of 69006?
2, 3, 7, 31, 53
List the prime factors of 16381.
16381
What are the prime factors of 828?
2, 3, 23
What are the prime factors of 440?
2, 5, 11
What are the prime factors of 3494?
2, 1747
What are the prime factors of 196?
2, 7
What are the prime factors of 886?
2, 443
List the prime factors of 1761.
3, 587
List the prime factors of 1435.
5, 7, 41
List the prime factors of 40298.
2, 20149
List the prime factors of 51489.
3, 1907
What are the prime factors of 610?
2, 5, 61
What are the prime factors of 15693?
3, 5231
List the prime factors of 13684.
2, 11, 311
What are the prime factors of 691?
691
List the prime factors of 4406.
2, 2203
What are the prime factors of 9209?
9209
List the prime factors of 411.
3, 137
List the prime factors of 26314.
2, 59, 223
List the prime factors of 25783.
19, 23, 59
List the prime factors of 37454.
2, 61, 307
What are the prime factors of 24942?
2, 3, 4157
What are the prime factors of 303?
3, 101
What are the prime factors of 44352?
2, 3, 7, 11
List the prime factors of 75910.
2, 5, 7591
List the prime factors of 62855.
5, 13, 967
List the prime factors of 1033.
1033
List the prime factors of 3954.
2, 3, 659
List the prime factors of 2292.
2, 3, 191
List the prime factors of 128015.
5, 25603
What are the prime factors of 30207?
3, 10069
List the prime factors of 13209.
3, 7, 17, 37
List the prime factors of 275.
5, 11
List the prime factors of 15041.
13, 89
What are the prime factors of 715?
5, 11, 13
List the prime factors of 39675.
3, 5, 23
List the prime factors of 2063.
2063
List the prime factors of 904.
2, 113
List the prime factors of 53991.
3, 7, 857
What are the prime factors of 20593?
20593
List the prime factors of 829.
829
List the prime factors of 47473.
29, 1637
List the prime factors of 100618.
2, 7, 7187
List the prime factors of 1460.
2, 5, 73
List the prime factors of 996.
2, 3, 83
What are the prime factors of 3840?
2, 3, 5
What are the prime factors of 24261?
3, 8087
What are the prime factors of 16847?
17, 991
What are the prime factors of 27391?
7, 13, 43
List the prime factors of 268.
2, 67
What are the prime factors of 10137?
3, 31, 109
List the prime factors of 439.
439
List the prime factors of 3063.
3, 1021
What are the prime factors of 3922?
2, 37, 53
What are the prime factors of 19456?
2, 19
List the prime factors of 39745.
5, 7949
What are the prime factors of 193?
193
List the prime factors of 6692.
2, 7, 239
What are the prime factors of 140715?
3, 5, 53, 59
List the prime factors of 1663.
1663
List the prime factors of 50960.
2, 5, 7, 13
List the prime factors of 459.
3, 17
List the prime factors of 339.
3, 113
List the prime factors of 19109.
97, 197
List the prime factors of 18759.
3, 13, 37
List the prime factors of 36593.
23, 37, 43
What are the prime factors of 1202?
2, 601
What are the prime factors of 4713?
3, 1571
List the prime factors of 1153.
1153
List the prime factors of 26187.
3, 7, 29, 43
What are the prime factors of 17882?
2, 8941
List the prime factors of 6370.
2, 5, 7, 13
What are the prime factors of 81354?
2, 3, 7, 13, 149
List the prime factors of 16669.
79, 211
List the prime factors of 1707.
3, 569
List the prime factors of 10376.
2, 1297
List the prime factors of 479.
479
List the prime factors of 414.
2, 3, 23
What are the prime factors of 4258?
2, 2129
What are the prime factors of 10843?
7, 1549
What are the prime factors of 184441?
184441
What are the prime factors of 12590?
2, 5, 1259
List the prime factors of 9120.
2, 3, 5, 19
What are the prime factors of 34544?
2, 17, 127
List the prime factors of 6877.
13, 23
What are the prime factors of 8595?
3, 5, 191
What are the prime factors of 3440?
2, 5, 43
List the prime factors of 619.
619
What are the prime factors of 13120?
2, 5, 41
List the prime factors of 53895.
3, 5, 3593
List the prime factors of 4602.
2, 3, 13, 59
What are the prime factors of 1073?
29, 37
What are the prime factors of 5053?
31, 163
List the prime factors of 109.
109
What are the prime factors of 1389?
3, 463
List the prime factors of 1938.
2, 3, 17, 19
What are the prime factors of 647?
647
List the prime factors of 7669.
7669
What are the prime factors of 6629?
7, 947
List the prime factors of 12552.
2, 3, 523
List the prime factors of 2313.
3, 257
List the prime factors of 21319.
21319
List the prime factors of 5204.
2, 1301
List the prime factors of 6841.
6841
List the prime factors of 756.
2, 3, 7
What are the prime factors of 5680?
2, 5, 71
List the prime factors of 537.
3, 179
List the prime factors of 78.
2, 3, 13
What are the prime factors of 6761?
6761
List the prime factors of 139687.
41, 3407
What are the prime factors of 1167?
3, 389
List the prime factors of 8274.
2, 3, 7, 197
List the prime factors of 17650.
2, 5, 353
What are the prime factors of 935?
5, 11, 17
What are the prime factors of 59944?
2, 59, 127
List the prime factors of 7957.
73, 109
What are the prime factors of 2321?
11, 211
What are the prime factors of 6265?
5, 7, 179
List the prime factors of 46.
2, 23
List the prime factors of 2434.
2, 1217
List the prime factors of 61684.
2, 7, 2203
List the prime factors of 545.
5, 109
What are the prime factors of 3795?
3, 5, 11, 23
List the prime factors of 33406.
2, 16703
What are the prime factors of 169270?
2, 5, 16927
List the prime factors of 7348.
2, 11, 167
What are the prime factors of 102711?
3, 7, 67, 73
What are the prime factors of 12929?
7, 1847
What are the prime factors of 9546?
2, 3, 37, 43
What are the prime factors of 448?
2, 7
List the prime factors of 62468.
2, 7, 23, 97
What are the prime factors of 1723?
1723
List the prime factors of 947.
947
List the prime factors of 188865.
3, 5, 1399
What are the prime factors of 34559?
7, 4937
List the prime factors of 30278.
2, 15139
List the prime factors of 101067.
3, 59, 571
List the prime factors of 1059.
3, 353
List the prime factors of 100061.
13, 43, 179
What are the prime factors of 5227?
5227
What are the prime factors of 414?
2, 3, 23
What are the prime factors of 55429?
11, 5039
List the prime factors of 535.
5, 107
What are the prime factors of 9166?
2, 4583
List the prime factors of 17971.
17971
What are the prime factors of 3801?
3, 7, 181
List the prime factors of 3954.
2, 3, 659
List the prime factors of 50415.
3, 5, 3361
List the prime factors of 2853.
3, 317
What are the prime factors of 20422?
2, 10211
List the prime factors of 4723.
4723
List the prime factors of 112203.
3, 7, 13, 137
What are the prime factors of 3759?
3, 7, 179
What